 5*s = -l - 9. Is 2 - ((-200 - 3) + l) a composite number?
True
Let b(i) = 53*i**2 + 102*i - 2697. Is b(-94) a prime number?
True
Let v(g) = -51058*g - 605. Is v(-4) a composite number?
False
Suppose 1500 = 5*h - 0*t - 5*t, -t - 1504 = -5*h. Let u be 2/3 + (-3406)/(-39). Let j = h - u. Is j a prime number?
False
Let g = 541 + -632. Is (-13)/(g/23121) + 6 a prime number?
False
Suppose 0 = -36*s - 29294 + 9638. Is (-2717676)/s*(-14)/(-4) composite?
True
Let s be ((-1)/(-2))/((-38)/456). Let b(l) = -24*l - 153*l - 46*l + 25. Is b(s) a composite number?
True
Let o(c) = c - 1. Let m(n) = -5*n - 4*n**3 - 89*n**2 - 9*n**3 + 2 + 79*n**2. Let i(z) = m(z) + o(z). Is i(-6) a prime number?
True
Let w = -63 - -67. Let j(g) = 1132*g**2 - 10*g - 13. Is j(w) a composite number?
False
Let n be 789262/29 + 24/348. Let v = -15019 + n. Is v composite?
False
Let t = -1 + 6. Suppose -h = -3*a - 2761, -4*a + 842 = -t*h + 4505. Let g = 1595 + a. Is g a prime number?
True
Let n(z) = z**2 - 25*z + 72. Let k be n(22). Is (k + -9)*(68104/6)/(-4) composite?
False
Suppose -7*j - 7 + 35 = 0. Suppose -21*z + 543 = t - 17*z, -j*t - 4*z + 2184 = 0. Is t composite?
False
Let r(x) = 17*x**2 + 5*x - 13. Let u(m) = 34*m**2 + 11*m - 27. Let c(b) = 13*r(b) - 6*u(b). Let z(l) = 2*l**2 + 52*l + 84. Let s be z(-24). Is c(s) prime?
False
Is 3 + (5 - (12 - 8057)) composite?
False
Let m(r) = -r**2 - 12*r - 8. Let w be m(-11). Suppose 0 = 3*v + 2*q - 0*q + 4985, v + 1669 = w*q. Let f = v - -2812. Is f a prime number?
False
Let c be 24 + (0/(-2) - 0). Suppose -23*k = -c*k + 254. Is k a prime number?
False
Let g(t) = t**3 - 21*t**2 + 26*t. Let u be g(20). Let p = 213 - u. Suppose -y + p = -k - k, -2*y + 183 = -k. Is y prime?
False
Let u = -16 + 14. Let h(c) = -c**3 - 3*c**2 - c + 3. Let i be h(u). Is 41 + 1/(i/2) prime?
True
Suppose 0 = 35*r - 24*r - 22. Suppose -5*a + r*a + 314 = x, 621 = 2*x - a. Is x a composite number?
False
Let h = 6127 + -2727. Let o = h - -2541. Is o a composite number?
True
Suppose -3*l - 1311 = -4*q, 3*q - 2*l - 867 - 115 = 0. Let o(u) = 3*u**3 + 10*u**2 - 2*u - 9. Let a be o(-8). Let h = q - a. Is h prime?
True
Let d(l) = 10213*l**2 + 41*l - 55. Is d(4) a prime number?
True
Suppose -483*n + 482*n = 1, 3289530 = 5*w - 5*n. Is w a composite number?
True
Let q(d) = -d**3 - 57*d**2 - 115*d - 275. Let s be q(-55). Let h = -781 + 1187. Suppose s = -u + 3*u - h. Is u composite?
True
Suppose -3*b - 3*f = -211002, -b + 74824 - 4508 = -5*f. Is b a composite number?
True
Let k be ((-85)/2)/(29/(-174)). Let z = -88 + k. Is z a prime number?
True
Let t = 2783 + 255. Suppose c - o - 1149 + 143 = 0, -o + t = 3*c. Is 2 - 2*(c/(-6) - 0) a prime number?
False
Suppose -15 + 27 = 4*c. Suppose c*q = 211 + 158. Suppose 1316 = h + q. Is h prime?
True
Let z(v) = 135*v**2 + 2*v + 4. Let a be (80/48)/(2/6). Suppose -a*p - 5*i - 7 = 28, 4*p = 5*i + 8. Is z(p) composite?
False
Suppose z + 9*z = 190. Is z a composite number?
False
Suppose 4*f - 120609 = -n, -2*n = 2*f - 55710 - 4602. Is f prime?
False
Let m = 16694 + -8547. Is m a prime number?
True
Let i(r) = 49*r**2 - 242*r + 148. Is i(33) composite?
False
Is (1134/12)/21*-2 + 51908 composite?
False
Let s be 13/(13/65 - (-6)/(-5)). Let p(n) = n**3 + 14*n**2 - 12*n - 27. Is p(s) a composite number?
True
Let d(v) = -v**3 + 7*v**2 - 8*v + 9. Let x be d(6). Let m = -18 - x. Let c = m + 34. Is c a prime number?
True
Suppose -5*x = -r + 862492, r - 543150 = -x + 319288. Is r a prime number?
True
Suppose 3*l - 36*l + 3988846 = l. Is l prime?
True
Let p(b) = 25*b + 6 + 38*b + 41*b + 9. Let z(j) = -104*j - 14. Let x(v) = -3*p(v) - 4*z(v). Is x(3) a prime number?
False
Suppose -4*p - 8*c + 3*c = 153, 0 = -3*p + 2*c - 86. Let v = p - -43. Suppose 4*d = -4*u + 1328, -687 = -2*u + 2*d - v. Is u prime?
False
Let v(a) = a**3 + 21*a**2 - 46*a. Let h be v(-23). Is h + (-366594)/(-10) - (-2)/(-5) a composite number?
True
Let q(u) = -u**3 + 82*u**2 - 1308*u - 67. Is q(40) a prime number?
True
Let k(i) = i + 19. Suppose 0 = -17*f + 12*f + 15. Suppose 5*n - 2*m = 14, 3*n - f*m = m. Is k(n) prime?
True
Let v = 145314 + 182479. Is v composite?
True
Suppose q - 3*d = 662791, -5*q + 42*d - 41*d + 3314039 = 0. Is q composite?
True
Let k = 26635 + 51991. Is k prime?
False
Suppose 4*w + 24 = -4*n + 8*n, 3*n = -4*w - 10. Let i(x) = 94*x + 144*x - 43*x + 7. Is i(n) prime?
True
Let y be ((-6)/4)/((-36)/48). Let w(k) = 5*k + 23 - 2*k**y - 15*k + 4*k**2. Is w(12) prime?
True
Let a be 6447/(-5) - (6/10 + 0). Let u = a - -3997. Is u a composite number?
False
Let g(b) = -139*b + 16. Suppose 4*o + q - 27 = 0, -q - 4*q = -15. Let m(h) = -139*h + 16. Let z(a) = o*m(a) - 5*g(a). Is z(-7) prime?
False
Suppose 40 = -4*n + 4*a - 88, -4*a + 16 = 0. Let d = n + 1067. Is d a prime number?
True
Suppose -z + 4*q - 7632 = 2*z, -3*z - 3*q - 7632 = 0. Let x = -1055 - z. Suppose -5*n - 1860 = -5*u, -5*u + 5*n + x = -u. Is u composite?
True
Let n(x) = 2*x + 12. Let f be n(4). Suppose -f*b + 18 = -17*b. Suppose b = -2*s, 2*d + 2*s = -0*s + 1168. Is d composite?
False
Suppose -2*d = 5*x, -2*x + 0*x - 3*d - 11 = 0. Suppose -2926 = -x*n - 4*a, -2*a = n + 2*a - 1469. Is n a prime number?
False
Is (-5*6233932/(-60))/((-7)/42*-2) prime?
True
Let m be 25*30/25 + 1. Suppose 6*x = m*x - 284725. Is x prime?
False
Let x = 20 - 15. Let h be 0*(-3 - -4) - -618. Suppose 2*f + x*q - h = 0, -622 - 889 = -5*f - 4*q. Is f a prime number?
False
Is 4141/(-303)*4857/(-1) composite?
True
Is 745078/(30/(-75)*-5) a composite number?
False
Let k(r) = -r**3 + 5*r**2 - 4*r + 6. Let z be k(4). Let g(y) be the second derivative of 475*y**3/6 - 7*y**2/2 + 4*y. Is g(z) composite?
False
Suppose -4*t = -7 + 3. Suppose 3*m - 10408 - 14153 = 3*i, i = -t. Is m composite?
True
Suppose 63 - 65 = -2*x. Let a be x/(4 + (-95)/25). Suppose -2104 = -a*b + 11601. Is b composite?
False
Let x = 135082 - 66734. Is (x/(-5) - (-36)/60)*-1 a prime number?
True
Is ((-29940)/80)/(2/(-1096)) - -8 prime?
True
Let r = -24 - -28. Suppose -r*h + 2570 = 4*i - h, -i + 5*h + 631 = 0. Is (-24 + 25)/(-1*(-1)/i) a prime number?
True
Is (-7)/(-4)*(219 - -56065) a composite number?
True
Suppose 6182 + 1986 = x - 5*o, -2*x - 4*o + 16294 = 0. Is x a prime number?
False
Suppose -2*g - 5 = -5*x, 6*g - 7*g = -3*x + 4. Suppose 3*m + 2*a - 5795 = 0, 5 = 2*a + x*a. Is m prime?
True
Let m = 1715 - 6862. Let j = m + 13630. Is j prime?
False
Is (4633479/15)/3 - 4/(-5) prime?
True
Let w = 4264 + -2184. Let h = 353 - w. Let v = -474 - h. Is v composite?
True
Suppose 22*i - 664 = 3494. Suppose 4*t - 139 = 4*g + i, t - 2*g - 87 = 0. Is t prime?
False
Let v(a) = -a**2 - 8*a + 262. Let b be v(12). Suppose 0 = -26*f + b*f + 20396. Is f composite?
False
Let v = 5899 - -1857. Suppose -5*j + 3789 = -v. Is j composite?
False
Suppose -26 - 30 = 4*f. Let v = 24 + f. Suppose 0 = -v*d + 2*d + 3976. Is d composite?
True
Let c = -208 + 223. Suppose -2637 = c*s - 24*s. Is s prime?
True
Let c = -43 + 43. Suppose -k = -5*g + 785, -3*g + k + 693 - 224 = c. Is (g/8)/((-2)/(-8)) a prime number?
True
Suppose -z = 2, -2*z = 5*c - 20 - 26. Let h be (308/c)/((-2)/(-10)). Suppose -s = -555 + h. Is s a composite number?
False
Let k = -2746 - -1909. Let i(g) = g**3 - 3*g**2 + g + 1. Let f be i(-7). Let w = f - k. Is w prime?
False
Suppose 0 = -4*q - 3*x + 1160539, 2*x = -3*q - 3*x + 870396. Is q a prime number?
True
Suppose 10 = 5*r + b, 2*r + b - 7 + 0 = 0. Let p(m) = 5274*m - 5. Is p(r) a composite number?
True
Suppose -4*b - j + 18 = 16, 0 = b - 5*j - 11. Is -10559*(-20)/(-40)*(-1 - b) a prime number?
True
Let g be 1/(-4) + (-284)/64*-908. Let n = g - -4234. Is n a composite number?
False
Let a be (21/(-12))/7*(2 + -6). Let z(g) = 2*g. Let f be z(a). Is f*(-3260)/(-8) + -4 a composite number?
False
Suppose j - 12 = 813. Suppose 3*k - b = 2467, 4*b = k + 5*b - j. Let y = k - 124. Is y a prime number?
False
Suppose -31*l - 48 = -39*l. Suppose -l*z + 15*z - 19161 = 0. Is z a composite number?
False
Is (-10564064)/(-105)*(-100)/(-24) + (-2)/(-18) composite?
True
Suppose 13*w - 1314415 = 7932862. Is w prime?
True
Suppose -5*p + 6*d + 23688 = -17875, 2*p - 3*d - 16621 = 0. Is p a prime number?
False
Suppose -3214 = -2*j - 4*s - 716, -4*j + 5009 = -5*s. Let m = j + 9580. Is m a composite number?
F